208.66.194.163 - - [21/Sep/2006:18:55:07 +0000] "GET /Champcey--62.html HTTP/1.1" 200 19939 "" "Mozilla/4.0 (compatible; MSIE 6.0; Windows NT 5.1; .NET CLR 1.0.3705; .NET CLR 1.1.4322)"
66.249.66.52 - - [21/Sep/2006:22:14:47 +0000] "GET /Champcey/H_bergement--90.html HTTP/1.1" 200 28017 "" "Mozilla/5.0 (compatible; Googlebot/2.1; +http://www.google.com/bot.html)"
66.249.66.52 - - [21/Sep/2006:22:48:43 +0000] "GET /Champcey/H_bergement--90.html HTTP/1.1" 200 28017 "" "Mozilla/5.0 (compatible; Googlebot/2.1; +http://www.google.com/bot.html)"
66.249.66.52 - - [21/Sep/2006:23:24:29 +0000] "GET /Champcey/H_bergement--90.html HTTP/1.1" 200 28017 "" "Mozilla/5.0 (compatible; Googlebot/2.1; +http://www.google.com/bot.html)"
66.249.66.52 - - [22/Sep/2006:07:32:53 +0000] "GET /Champcey/Calendrier--87.html HTTP/1.1" 200 10579 "" "Mozilla/5.0 (compatible; Googlebot/2.1; +http://www.google.com/bot.html)"
213.251.136.94 - - [22/Sep/2006:08:22:37 +0000] "GET /Champcey--62.html HTTP/1.1" 200 19939 "" "Deepindex V2"
66.249.66.52 - - [22/Sep/2006:08:49:57 +0000] "GET /Champcey/Calendrier--87.html HTTP/1.1" 200 10621 "" "Mozilla/5.0 (compatible; Googlebot/2.1; +http://www.google.com/bot.html)"
66.249.66.52 - - [22/Sep/2006:10:09:37 +0000] "GET /Champcey/Calendrier--87.html HTTP/1.1" 200 10641 "" "Mozilla/5.0 (compatible; Googlebot/2.1; +http://www.google.com/bot.html)"
66.249.66.52 - - [22/Sep/2006:11:09:17 +0000] "GET /Champcey/Calendrier--87.html HTTP/1.1" 200 10582 "" "Mozilla/5.0 (compatible; Googlebot/2.1; +http://www.google.com/bot.html)"
82.33.188.94 - - [22/Sep/2006:17:27:26 +0000] "GET /Champcey--62.html HTTP/1.1" 200 19939 "" "Mozilla/5.0 (Windows; U; Windows NT 5.1; en-GB; rv:1.8.0.6) Gecko/20060728 Firefox/1.5.0.6"
208.66.194.169 - - [22/Sep/2006:17:53:47 +0000] "GET /Champcey--62.html HTTP/1.1" 200 19939 "" "Mozilla/4.0 (compatible; MSIE 6.0; Windows NT 5.1; .NET CLR 1.0.3705; .NET CLR 1.1.4322)"
65.55.212.234 - - [23/Sep/2006:01:36:29 +0000] "GET /Champcey--62.html HTTP/1.1" 200 19939 "" "msnbot/0.9 (+http://search.msn.com/msnbot.htm)"
66.249.66.52 - - [23/Sep/2006:04:24:55 +0000] "GET /Champcey/Actualit_s--177.html HTTP/1.1" 200 10742 "" "Mozilla/5.0 (compatible; Googlebot/2.1; +http://www.google.com/bot.html)"
66.249.66.52 - - [23/Sep/2006:10:15:46 +0000] "GET /Champcey/H_bergement--90.html HTTP/1.1" 200 28017 "" "Mozilla/5.0 (compatible; Googlebot/2.1; +http://www.google.com/bot.html)"
64.140.49.66 - - [23/Sep/2006:10:21:14 +0000] "GET /Champcey/Vie_Pratique--89.html HTTP/1.1" 200 9660 "" "TurnitinBot/2.1 (http://www.turnitin.com/robot/crawlerinfo.html)"
66.249.66.52 - - [24/Sep/2006:02:08:29 +0000] "GET /Champcey/Calendrier--87.html HTTP/1.1" 200 10591 "" "Mozilla/5.0 (compatible; Googlebot/2.1; +http://www.google.com/bot.html)"
66.249.66.52 - - [24/Sep/2006:02:26:35 +0000] "GET /Champcey/H_bergement--90.html HTTP/1.1" 200 25877 "" "Mozilla/5.0 (compatible; Googlebot/2.1; +http://www.google.com/bot.html)"
66.249.66.52 - - [24/Sep/2006:03:24:42 +0000] "GET /Champcey/Calendrier--87.html HTTP/1.1" 200 13397 "" "Mozilla/5.0 (compatible; Googlebot/2.1; +http://www.google.com/bot.html)"
66.249.66.52 - - [24/Sep/2006:03:29:11 +0000] "GET /Champcey/Calendrier--87.html HTTP/1.1" 200 10638 "" "Mozilla/5.0 (compatible; Googlebot/2.1; +http://www.google.com/bot.html)"
66.249.66.52 - - [24/Sep/2006:03:33:40 +0000] "GET /Champcey/Calendrier--87.html HTTP/1.1" 200 10590 "" "Mozilla/5.0 (compatible; Googlebot/2.1; +http://www.google.com/bot.html)"
66.249.66.52 - - [24/Sep/2006:03:38:09 +0000] "GET /Champcey/Calendrier--87.html HTTP/1.1" 200 10639 "" "Mozilla/5.0 (compatible; Googlebot/2.1; +http://www.google.com/bot.html)"
66.249.66.52 - - [24/Sep/2006:04:51:03 +0000] "GET /Champcey/H_bergement--90.html HTTP/1.1" 200 28017 "" "Mozilla/5.0 (compatible; Googlebot/2.1; +http://www.google.com/bot.html)"
66.249.66.52 - - [24/Sep/2006:04:59:20 +0000] "GET /Champcey/H_bergement--90.html HTTP/1.1" 200 28017 "" "Mozilla/5.0 (compatible; Googlebot/2.1; +http://www.google.com/bot.html)"
66.249.66.52 - - [24/Sep/2006:05:01:24 +0000] "GET /Champcey/H_bergement--90.html HTTP/1.1" 200 28017 "" "Mozilla/5.0 (compatible; Googlebot/2.1; +http://www.google.com/bot.html)"
66.249.66.52 - - [24/Sep/2006:05:13:51 +0000] "GET /Champcey/H_bergement--90.html HTTP/1.1" 200 26919 "" "Mozilla/5.0 (compatible; Googlebot/2.1; +http://www.google.com/bot.html)"
66.249.66.52 - - [24/Sep/2006:05:48:11 +0000] "GET /Champcey/Calendrier--87.html HTTP/1.1" 200 10599 "" "Mozilla/5.0 (compatible; Googlebot/2.1; +http://www.google.com/bot.html)"
66.249.66.52 - - [24/Sep/2006:05:57:19 +0000] "GET /Champcey/Calendrier--87.html HTTP/1.1" 200 10583 "" "Mozilla/5.0 (compatible; Googlebot/2.1; +http://www.google.com/bot.html)"
66.249.66.52 - - [24/Sep/2006:06:38:18 +0000] "GET /Champcey/H_bergement--90.html HTTP/1.1" 200 28017 "" "Mozilla/5.0 (compatible; Googlebot/2.1; +http://www.google.com/bot.html)"
66.249.66.52 - - [24/Sep/2006:11:35:50 +0000] "GET /Champcey/Actualit_s--177.html HTTP/1.1" 200 10742 "" "Mozilla/5.0 (compatible; Googlebot/2.1; +http://www.google.com/bot.html)"
64.246.178.34 - - [24/Sep/2006:12:45:11 +0000] "GET /Champcey--62.html HTTP/1.1" 200 19654 "http://www.whois.sc/" "SurveyBot/2.3 (Whois Source)"
64.246.178.34 - - [24/Sep/2006:12:45:14 +0000] "GET /Champcey--62.html HTTP/1.1" 200 19654 "http://www.whois.sc/champcey.com" "SurveyBot/2.3 (Whois Source)"
86.220.112.73 - - [24/Sep/2006:15:28:39 +0000] "GET /Champcey--62.html HTTP/1.1" 200 19654 "" "Mozilla/5.0 (X11; U; Linux i686; fr; rv:1.8.0.6) Gecko/20060728 Firefox/1.5.0.6"
86.220.112.73 - - [24/Sep/2006:15:28:41 +0000] "GET /Champcey--62.html HTTP/1.1" 200 19654 "" "Mozilla/5.0 (X11; U; Linux i686; fr; rv:1.8.0.6) Gecko/20060728 Firefox/1.5.0.6"
86.220.112.73 - - [24/Sep/2006:15:30:02 +0000] "GET /Champcey--62.html HTTP/1.1" 200 19654 "" "Mozilla/5.0 (X11; U; Linux i686; fr; rv:1.8.0.6) Gecko/20060728 Firefox/1.5.0.6"
86.220.112.73 - - [24/Sep/2006:15:31:37 +0000] "GET /Champcey--62.html HTTP/1.1" 200 19614 "" "Mozilla/5.0 (X11; U; Linux i686; fr; rv:1.8.0.6) Gecko/20060728 Firefox/1.5.0.6"
66.249.66.52 - - [24/Sep/2006:23:37:24 +0000] "GET /Champcey--62.html HTTP/1.1" 200 19590 "" "Mozilla/5.0 (compatible; Googlebot/2.1; +http://www.google.com/bot.html)"
66.249.66.52 - - [24/Sep/2006:23:37:25 +0000] "GET /Champcey--62.html HTTP/1.1" 200 19590 "" "Mozilla/5.0 (compatible; Googlebot/2.1; +http://www.google.com/bot.html)"
66.249.66.52 - - [25/Sep/2006:04:32:23 +0000] "GET /Champcey--62.html HTTP/1.1" 200 19590 "" "Mozilla/5.0 (compatible; Googlebot/2.1; +http://www.google.com/bot.html)"
66.249.66.52 - - [25/Sep/2006:04:34:19 +0000] "GET /Champcey--62.html HTTP/1.1" 200 19590 "" "Mozilla/5.0 (compatible; Googlebot/2.1; +http://www.google.com/bot.html)"
66.249.66.52 - - [25/Sep/2006:04:39:16 +0000] "GET /Champcey/Loisirs--88.html HTTP/1.1" 200 9318 "" "Mozilla/5.0 (compatible; Googlebot/2.1; +http://www.google.com/bot.html)"
66.249.66.52 - - [25/Sep/2006:04:39:48 +0000] "GET /Champcey/Tourisme--91.html HTTP/1.1" 200 9321 "" "Mozilla/5.0 (compatible; Googlebot/2.1; +http://www.google.com/bot.html)"
66.249.66.52 - - [25/Sep/2006:04:40:28 +0000] "GET /Champcey/D_couvrir--92.html HTTP/1.1" 200 9324 "" "Mozilla/5.0 (compatible; Googlebot/2.1; +http://www.google.com/bot.html)"
66.249.66.52 - - [25/Sep/2006:04:42:02 +0000] "GET /Champcey/Calendrier--87.html HTTP/1.1" 200 15764 "" "Mozilla/5.0 (compatible; Googlebot/2.1; +http://www.google.com/bot.html)"
66.249.66.52 - - [25/Sep/2006:04:44:15 +0000] "GET /Champcey/H_bergement--90.html HTTP/1.1" 200 26520 "" "Mozilla/5.0 (compatible; Googlebot/2.1; +http://www.google.com/bot.html)"
66.249.66.52 - - [25/Sep/2006:04:45:04 +0000] "GET /Champcey/Vie_Pratique--89.html HTTP/1.1" 200 9333 "" "Mozilla/5.0 (compatible; Googlebot/2.1; +http://www.google.com/bot.html)"
66.249.66.52 - - [25/Sep/2006:05:13:46 +0000] "GET /Champcey/Actualit_s--177.html HTTP/1.1" 200 10433 "" "Mozilla/5.0 (compatible; Googlebot/2.1; +http://www.google.com/bot.html)"
66.249.66.52 - - [25/Sep/2006:05:47:00 +0000] "GET /Champcey/Actualit_s--177.html HTTP/1.1" 200 10433 "" "Mozilla/5.0 (compatible; Googlebot/2.1; +http://www.google.com/bot.html)"
83.202.163.39 - - [25/Sep/2006:08:41:19 +0000] "GET /Champcey--62.html HTTP/1.1" 200 19580 "http://www.ville-bacilly.com/fr/calendrier.html" "Mozilla/5.0 (X11; U; Linux i686; fr; rv:1.8.0.7) Gecko/20060909 Firefox/1.5.0.7"
83.202.163.39 - - [25/Sep/2006:08:41:26 +0000] "GET /Champcey/D_couvrir--92.html HTTP/1.1" 200 9324 "http://www.champcey.com/" "Mozilla/5.0 (X11; U; Linux i686; fr; rv:1.8.0.7) Gecko/20060909 Firefox/1.5.0.7"
83.202.163.39 - - [25/Sep/2006:08:41:31 +0000] "GET /Champcey/Tourisme--91.html HTTP/1.1" 200 9321 "http://www.champcey.com/fr/decouvrir.html" "Mozilla/5.0 (X11; U; Linux i686; fr; rv:1.8.0.7) Gecko/20060909 Firefox/1.5.0.7"
83.202.163.39 - - [25/Sep/2006:08:41:37 +0000] "GET /Champcey/H_bergement--90.html HTTP/1.1" 200 26520 "http://www.champcey.com/fr/tourisme.html" "Mozilla/5.0 (X11; U; Linux i686; fr; rv:1.8.0.7) Gecko/20060909 Firefox/1.5.0.7"
83.202.163.39 - - [25/Sep/2006:08:41:42 +0000] "GET /Champcey/Vie_Pratique--89.html HTTP/1.1" 200 9333 "http://www.champcey.com/fr/hebergement.html" "Mozilla/5.0 (X11; U; Linux i686; fr; rv:1.8.0.7) Gecko/20060909 Firefox/1.5.0.7"
83.202.163.39 - - [25/Sep/2006:08:41:47 +0000] "GET /Champcey/Loisirs--88.html HTTP/1.1" 200 9318 "http://www.champcey.com/fr/vie-pratique.html" "Mozilla/5.0 (X11; U; Linux i686; fr; rv:1.8.0.7) Gecko/20060909 Firefox/1.5.0.7"
83.202.163.39 - - [25/Sep/2006:08:41:52 +0000] "GET /Champcey/Calendrier--87.html HTTP/1.1" 200 15764 "http://www.champcey.com/fr/loisirs.html" "Mozilla/5.0 (X11; U; Linux i686; fr; rv:1.8.0.7) Gecko/20060909 Firefox/1.5.0.7"
207.46.98.56 - - [25/Sep/2006:09:47:10 +0000] "GET /Champcey--62.html HTTP/1.1" 200 19580 "" "msnbot/1.0 (+http://search.msn.com/msnbot.htm)"
207.46.98.56 - - [25/Sep/2006:09:47:11 +0000] "GET /Champcey--62.html HTTP/1.1" 200 19580 "" "msnbot/1.0 (+http://search.msn.com/msnbot.htm)"
66.249.66.52 - - [25/Sep/2006:10:02:19 +0000] "GET /Champcey/Actualit_s--177.html HTTP/1.1" 200 10433 "" "Mozilla/5.0 (compatible; Googlebot/2.1; +http://www.google.com/bot.html)"
217.74.99.25 - - [25/Sep/2006:10:50:09 +0000] "GET /Champcey--62.html HTTP/1.1" 200 19580 "" "NG/2.0"
217.74.99.25 - - [25/Sep/2006:10:50:09 +0000] "GET /Champcey--62.html HTTP/1.1" 200 19580 "" "NG/2.0"
66.249.66.52 - - [25/Sep/2006:10:57:22 +0000] "GET /Champcey/Calendrier--87.html HTTP/1.1" 200 15816 "" "Mozilla/5.0 (compatible; Googlebot/2.1; +http://www.google.com/bot.html)"
66.249.66.52 - - [25/Sep/2006:10:58:03 +0000] "GET /Champcey/Calendrier--87.html HTTP/1.1" 200 10311 "" "Mozilla/5.0 (compatible; Googlebot/2.1; +http://www.google.com/bot.html)"
66.249.66.52 - - [25/Sep/2006:10:58:46 +0000] "GET /Champcey/Calendrier--87.html HTTP/1.1" 200 10255 "" "Mozilla/5.0 (compatible; Googlebot/2.1; +http://www.google.com/bot.html)"
66.249.66.52 - - [25/Sep/2006:10:59:28 +0000] "GET /Champcey/Calendrier--87.html HTTP/1.1" 200 10294 "" "Mozilla/5.0 (compatible; Googlebot/2.1; +http://www.google.com/bot.html)"
66.249.66.52 - - [25/Sep/2006:11:00:53 +0000] "GET /Champcey/Calendrier--87.html HTTP/1.1" 200 10264 "" "Mozilla/5.0 (compatible; Googlebot/2.1; +http://www.google.com/bot.html)"
66.249.66.52 - - [25/Sep/2006:11:01:35 +0000] "GET /Champcey/Calendrier--87.html HTTP/1.1" 200 10313 "" "Mozilla/5.0 (compatible; Googlebot/2.1; +http://www.google.com/bot.html)"
66.249.66.52 - - [25/Sep/2006:11:02:18 +0000] "GET /Champcey/Calendrier--87.html HTTP/1.1" 200 10312 "" "Mozilla/5.0 (compatible; Googlebot/2.1; +http://www.google.com/bot.html)"
66.249.66.52 - - [25/Sep/2006:11:03:00 +0000] "GET /Champcey/Calendrier--87.html HTTP/1.1" 200 10314 "" "Mozilla/5.0 (compatible; Googlebot/2.1; +http://www.google.com/bot.html)"
66.249.66.52 - - [25/Sep/2006:11:13:37 +0000] "GET /Champcey/Calendrier--87.html HTTP/1.1" 200 10272 "" "Mozilla/5.0 (compatible; Googlebot/2.1; +http://www.google.com/bot.html)"
217.74.99.25 - - [25/Sep/2006:12:04:57 +0000] "GET /Champcey/D_couvrir--92.html HTTP/1.1" 200 9324 "" "NG/2.0"
217.74.99.25 - - [25/Sep/2006:12:04:59 +0000] "GET /Champcey/Tourisme--91.html HTTP/1.1" 200 9321 "" "NG/2.0"
217.74.99.25 - - [25/Sep/2006:12:05:01 +0000] "GET /Champcey/H_bergement--90.html HTTP/1.1" 200 26520 "" "NG/2.0"
217.74.99.25 - - [25/Sep/2006:12:05:03 +0000] "GET /Champcey/Vie_Pratique--89.html HTTP/1.1" 200 9333 "" "NG/2.0"
217.74.99.25 - - [25/Sep/2006:12:05:05 +0000] "GET /Champcey/Loisirs--88.html HTTP/1.1" 200 9318 "" "NG/2.0"
217.74.99.25 - - [25/Sep/2006:12:05:07 +0000] "GET /Champcey/Calendrier--87.html HTTP/1.1" 200 15764 "" "NG/2.0"
217.74.99.25 - - [25/Sep/2006:12:05:09 +0000] "GET /Champcey--62.html HTTP/1.1" 200 19580 "" "NG/2.0"
83.202.163.39 - - [25/Sep/2006:12:34:59 +0000] "GET /Champcey--62.html HTTP/1.1" 200 19580 "http://www.portedelabaie.com/fr/communes/carolles.html" "Mozilla/5.0 (X11; U; Linux i686; fr; rv:1.8.0.7) Gecko/20060909 Firefox/1.5.0.7"
83.202.163.39 - - [25/Sep/2006:12:39:01 +0000] "GET /Champcey/D_couvrir--92.html HTTP/1.1" 200 9324 "http://www.champcey.com/" "Mozilla/5.0 (X11; U; Linux i686; fr; rv:1.8.0.7) Gecko/20060909 Firefox/1.5.0.7"
83.202.163.39 - - [25/Sep/2006:12:39:03 +0000] "GET /Champcey/Tourisme--91.html HTTP/1.1" 200 9321 "http://www.champcey.com/fr/decouvrir.html" "Mozilla/5.0 (X11; U; Linux i686; fr; rv:1.8.0.7) Gecko/20060909 Firefox/1.5.0.7"
83.202.163.39 - - [25/Sep/2006:12:39:04 +0000] "GET /Champcey/H_bergement--90.html HTTP/1.1" 200 26520 "http://www.champcey.com/fr/tourisme.html" "Mozilla/5.0 (X11; U; Linux i686; fr; rv:1.8.0.7) Gecko/20060909 Firefox/1.5.0.7"
83.202.163.39 - - [25/Sep/2006:12:39:07 +0000] "GET /Champcey/Vie_Pratique--89.html HTTP/1.1" 200 9333 "http://www.champcey.com/fr/hebergement.html" "Mozilla/5.0 (X11; U; Linux i686; fr; rv:1.8.0.7) Gecko/20060909 Firefox/1.5.0.7"
83.202.163.39 - - [25/Sep/2006:12:39:09 +0000] "GET /Champcey/Loisirs--88.html HTTP/1.1" 200 9318 "http://www.champcey.com/fr/vie-pratique.html" "Mozilla/5.0 (X11; U; Linux i686; fr; rv:1.8.0.7) Gecko/20060909 Firefox/1.5.0.7"
83.202.163.39 - - [25/Sep/2006:12:39:10 +0000] "GET /Champcey/Calendrier--87.html HTTP/1.1" 200 15764 "http://www.champcey.com/fr/loisirs.html" "Mozilla/5.0 (X11; U; Linux i686; fr; rv:1.8.0.7) Gecko/20060909 Firefox/1.5.0.7"
83.202.163.39 - - [25/Sep/2006:12:52:40 +0000] "GET /Champcey--62.html HTTP/1.1" 200 19580 "http://www.portedelabaie.com/no_cache/fr/calendrier.html" "Mozilla/5.0 (X11; U; Linux i686; fr; rv:1.8.0.7) Gecko/20060909 Firefox/1.5.0.7"
66.249.66.52 - - [25/Sep/2006:13:08:18 +0000] "GET /Champcey/H_bergement--90.html HTTP/1.1" 200 26592 "" "Mozilla/5.0 (compatible; Googlebot/2.1; +http://www.google.com/bot.html)"
81.80.24.179 - - [25/Sep/2006:13:15:51 +0000] "GET /Champcey--62.html HTTP/1.1" 200 19580 "http://www.ville-bacilly.com/" "Mozilla/4.0 (compatible; MSIE 5.5; Windows NT 5.0)"
66.249.66.52 - - [25/Sep/2006:13:28:20 +0000] "GET /Champcey/Calendrier--87.html HTTP/1.1" 200 11826 "" "Mozilla/5.0 (compatible; Googlebot/2.1; +http://www.google.com/bot.html)"
217.74.99.25 - - [25/Sep/2006:14:55:02 +0000] "GET /Champcey/H_bergement--90.html HTTP/1.1" 200 26520 "" "NG/2.0"
66.249.66.52 - - [25/Sep/2006:18:38:18 +0000] "GET /Champcey/H_bergement--90.html HTTP/1.1" 200 26520 "" "Mozilla/5.0 (compatible; Googlebot/2.1; +http://www.google.com/bot.html)"
66.249.66.52 - - [25/Sep/2006:21:43:42 +0000] "GET /Champcey/H_bergement--90.html HTTP/1.1" 200 26574 "" "Mozilla/5.0 (compatible; Googlebot/2.1; +http://www.google.com/bot.html)"
66.249.66.52 - - [25/Sep/2006:21:48:01 +0000] "GET /Champcey/Calendrier--87.html HTTP/1.1" 200 10252 "" "Mozilla/5.0 (compatible; Googlebot/2.1; +http://www.google.com/bot.html)"
66.249.66.52 - - [25/Sep/2006:23:03:29 +0000] "GET /Champcey/H_bergement--90.html HTTP/1.1" 200 26520 "" "Mozilla/5.0 (compatible; Googlebot/2.1; +http://www.google.com/bot.html)"
66.249.66.52 - - [25/Sep/2006:23:06:01 +0000] "GET /Champcey/H_bergement--90.html HTTP/1.1" 200 26520 "" "Mozilla/5.0 (compatible; Googlebot/2.1; +http://www.google.com/bot.html)"
66.249.66.52 - - [25/Sep/2006:23:08:35 +0000] "GET /Champcey/H_bergement--90.html HTTP/1.1" 200 26520 "" "Mozilla/5.0 (compatible; Googlebot/2.1; +http://www.google.com/bot.html)"
66.249.66.52 - - [25/Sep/2006:23:11:06 +0000] "GET /Champcey/H_bergement--90.html HTTP/1.1" 200 26520 "" "Mozilla/5.0 (compatible; Googlebot/2.1; +http://www.google.com/bot.html)"
66.249.66.52 - - [25/Sep/2006:23:13:27 +0000] "GET /Champcey/H_bergement--90.html HTTP/1.1" 200 26520 "" "Mozilla/5.0 (compatible; Googlebot/2.1; +http://www.google.com/bot.html)"
66.249.66.52 - - [25/Sep/2006:23:15:53 +0000] "GET /Champcey/H_bergement--90.html HTTP/1.1" 200 26520 "" "Mozilla/5.0 (compatible; Googlebot/2.1; +http://www.google.com/bot.html)"
66.249.66.52 - - [25/Sep/2006:23:18:19 +0000] "GET /Champcey/H_bergement--90.html HTTP/1.1" 200 26520 "" "Mozilla/5.0 (compatible; Googlebot/2.1; +http://www.google.com/bot.html)"
66.249.66.52 - - [25/Sep/2006:23:20:45 +0000] "GET /Champcey/H_bergement--90.html HTTP/1.1" 200 26520 "" "Mozilla/5.0 (compatible; Googlebot/2.1; +http://www.google.com/bot.html)"
66.249.66.52 - - [25/Sep/2006:23:23:11 +0000] "GET /Champcey/H_bergement--90.html HTTP/1.1" 200 26520 "" "Mozilla/5.0 (compatible; Googlebot/2.1; +http://www.google.com/bot.html)"
66.249.66.52 - - [25/Sep/2006:23:25:37 +0000] "GET /Champcey/H_bergement--90.html HTTP/1.1" 200 26520 "" "Mozilla/5.0 (compatible; Googlebot/2.1; +http://www.google.com/bot.html)"
66.249.66.52 - - [25/Sep/2006:23:28:02 +0000] "GET /Champcey/H_bergement--90.html HTTP/1.1" 200 26520 "" "Mozilla/5.0 (compatible; Googlebot/2.1; +http://www.google.com/bot.html)"
66.249.66.52 - - [25/Sep/2006:23:30:28 +0000] "GET /Champcey/H_bergement--90.html HTTP/1.1" 200 26520 "" "Mozilla/5.0 (compatible; Googlebot/2.1; +http://www.google.com/bot.html)"
66.249.66.52 - - [25/Sep/2006:23:32:54 +0000] "GET /Champcey/H_bergement--90.html HTTP/1.1" 200 26520 "" "Mozilla/5.0 (compatible; Googlebot/2.1; +http://www.google.com/bot.html)"
66.249.66.52 - - [25/Sep/2006:23:35:20 +0000] "GET /Champcey/H_bergement--90.html HTTP/1.1" 200 26520 "" "Mozilla/5.0 (compatible; Googlebot/2.1; +http://www.google.com/bot.html)"
66.249.66.52 - - [25/Sep/2006:23:37:46 +0000] "GET /Champcey--62.html HTTP/1.1" 200 19580 "" "Mozilla/5.0 (compatible; Googlebot/2.1; +http://www.google.com/bot.html)"
66.249.66.52 - - [25/Sep/2006:23:37:46 +0000] "GET /Champcey/H_bergement--90.html HTTP/1.1" 200 26520 "" "Mozilla/5.0 (compatible; Googlebot/2.1; +http://www.google.com/bot.html)"
66.249.66.52 - - [25/Sep/2006:23:40:13 +0000] "GET /Champcey/H_bergement--90.html HTTP/1.1" 200 26520 "" "Mozilla/5.0 (compatible; Googlebot/2.1; +http://www.google.com/bot.html)"
66.249.66.52 - - [25/Sep/2006:23:42:38 +0000] "GET /Champcey/H_bergement--90.html HTTP/1.1" 200 26520 "" "Mozilla/5.0 (compatible; Googlebot/2.1; +http://www.google.com/bot.html)"
66.249.66.52 - - [25/Sep/2006:23:45:04 +0000] "GET /Champcey/H_bergement--90.html HTTP/1.1" 200 26520 "" "Mozilla/5.0 (compatible; Googlebot/2.1; +http://www.google.com/bot.html)"
66.249.66.52 - - [25/Sep/2006:23:47:30 +0000] "GET /Champcey/H_bergement--90.html HTTP/1.1" 200 26520 "" "Mozilla/5.0 (compatible; Googlebot/2.1; +http://www.google.com/bot.html)"
66.249.66.52 - - [25/Sep/2006:23:49:56 +0000] "GET /Champcey/H_bergement--90.html HTTP/1.1" 200 26520 "" "Mozilla/5.0 (compatible; Googlebot/2.1; +http://www.google.com/bot.html)"
66.249.66.52 - - [25/Sep/2006:23:52:22 +0000] "GET /Champcey/H_bergement--90.html HTTP/1.1" 200 26520 "" "Mozilla/5.0 (compatible; Googlebot/2.1; +http://www.google.com/bot.html)"
66.249.66.52 - - [25/Sep/2006:23:54:48 +0000] "GET /Champcey/H_bergement--90.html HTTP/1.1" 200 26520 "" "Mozilla/5.0 (compatible; Googlebot/2.1; +http://www.google.com/bot.html)"
66.249.66.52 - - [25/Sep/2006:23:57:13 +0000] "GET /Champcey/H_bergement--90.html HTTP/1.1" 200 26520 "" "Mozilla/5.0 (compatible; Googlebot/2.1; +http://www.google.com/bot.html)"
66.249.66.52 - - [25/Sep/2006:23:59:39 +0000] "GET /Champcey/H_bergement--90.html HTTP/1.1" 200 26520 "" "Mozilla/5.0 (compatible; Googlebot/2.1; +http://www.google.com/bot.html)"
66.249.66.52 - - [26/Sep/2006:00:02:06 +0000] "GET /Champcey/H_bergement--90.html HTTP/1.1" 200 26520 "" "Mozilla/5.0 (compatible; Googlebot/2.1; +http://www.google.com/bot.html)"
66.249.66.52 - - [26/Sep/2006:00:08:58 +0000] "GET /Champcey/H_bergement--90.html HTTP/1.1" 200 26520 "" "Mozilla/5.0 (compatible; Googlebot/2.1; +http://www.google.com/bot.html)"
66.249.66.52 - - [26/Sep/2006:00:08:59 +0000] "GET /Champcey/H_bergement--90.html HTTP/1.1" 200 26520 "" "Mozilla/5.0 (compatible; Googlebot/2.1; +http://www.google.com/bot.html)"
66.249.66.52 - - [26/Sep/2006:00:09:00 +0000] "GET /Champcey/H_bergement--90.html HTTP/1.1" 200 26520 "" "Mozilla/5.0 (compatible; Googlebot/2.1; +http://www.google.com/bot.html)"
66.249.66.52 - - [26/Sep/2006:00:09:01 +0000] "GET /Champcey/H_bergement--90.html HTTP/1.1" 200 26520 "" "Mozilla/5.0 (compatible; Googlebot/2.1; +http://www.google.com/bot.html)"
66.249.66.52 - - [26/Sep/2006:00:09:02 +0000] "GET /Champcey/H_bergement--90.html HTTP/1.1" 200 26520 "" "Mozilla/5.0 (compatible; Googlebot/2.1; +http://www.google.com/bot.html)"
66.249.66.52 - - [26/Sep/2006:00:12:24 +0000] "GET /Champcey/H_bergement--90.html HTTP/1.1" 200 26520 "" "Mozilla/5.0 (compatible; Googlebot/2.1; +http://www.google.com/bot.html)"
66.249.66.52 - - [26/Sep/2006:00:22:27 +0000] "GET /Champcey/H_bergement--90.html HTTP/1.1" 200 26520 "" "Mozilla/5.0 (compatible; Googlebot/2.1; +http://www.google.com/bot.html)"
66.249.66.52 - - [26/Sep/2006:00:25:53 +0000] "GET /Champcey/H_bergement--90.html HTTP/1.1" 200 26520 "" "Mozilla/5.0 (compatible; Googlebot/2.1; +http://www.google.com/bot.html)"
66.249.66.52 - - [26/Sep/2006:00:29:18 +0000] "GET /Champcey/H_bergement--90.html HTTP/1.1" 200 26520 "" "Mozilla/5.0 (compatible; Googlebot/2.1; +http://www.google.com/bot.html)"
66.249.66.52 - - [26/Sep/2006:00:32:43 +0000] "GET /Champcey/H_bergement--90.html HTTP/1.1" 200 26520 "" "Mozilla/5.0 (compatible; Googlebot/2.1; +http://www.google.com/bot.html)"
66.249.66.52 - - [26/Sep/2006:00:36:08 +0000] "GET /Champcey/H_bergement--90.html HTTP/1.1" 200 26520 "" "Mozilla/5.0 (compatible; Googlebot/2.1; +http://www.google.com/bot.html)"
66.249.66.52 - - [26/Sep/2006:00:42:59 +0000] "GET /Champcey/H_bergement--90.html HTTP/1.1" 200 26520 "" "Mozilla/5.0 (compatible; Googlebot/2.1; +http://www.google.com/bot.html)"
66.249.66.52 - - [26/Sep/2006:00:46:24 +0000] "GET /Champcey/H_bergement--90.html HTTP/1.1" 200 26520 "" "Mozilla/5.0 (compatible; Googlebot/2.1; +http://www.google.com/bot.html)"
66.249.66.52 - - [26/Sep/2006:00:49:50 +0000] "GET /Champcey/H_bergement--90.html HTTP/1.1" 200 26520 "" "Mozilla/5.0 (compatible; Googlebot/2.1; +http://www.google.com/bot.html)"
66.249.66.52 - - [26/Sep/2006:00:53:15 +0000] "GET /Champcey/H_bergement--90.html HTTP/1.1" 200 26520 "" "Mozilla/5.0 (compatible; Googlebot/2.1; +http://www.google.com/bot.html)"
66.249.66.52 - - [26/Sep/2006:00:56:40 +0000] "GET /Champcey/H_bergement--90.html HTTP/1.1" 200 26520 "" "Mozilla/5.0 (compatible; Googlebot/2.1; +http://www.google.com/bot.html)"
66.249.66.52 - - [26/Sep/2006:01:00:06 +0000] "GET /Champcey/H_bergement--90.html HTTP/1.1" 200 26520 "" "Mozilla/5.0 (compatible; Googlebot/2.1; +http://www.google.com/bot.html)"
66.249.66.52 - - [26/Sep/2006:01:03:31 +0000] "GET /Champcey/H_bergement--90.html HTTP/1.1" 200 26520 "" "Mozilla/5.0 (compatible; Googlebot/2.1; +http://www.google.com/bot.html)"
66.249.66.52 - - [26/Sep/2006:04:21:43 +0000] "GET /Champcey/Vie_Pratique--89.html HTTP/1.1" 200 9333 "" "Mozilla/5.0 (compatible; Googlebot/2.1; +http://www.google.com/bot.html)"
72.30.252.167 - - [26/Sep/2006:06:00:11 +0000] "GET /Champcey--62.html HTTP/1.1" 200 19580 "" "Mozilla/5.0 (compatible; Yahoo! Slurp; http://help.yahoo.com/help/us/ysearch/slurp)"
72.30.132.27 - - [26/Sep/2006:06:00:20 +0000] "GET /Champcey--62.html HTTP/1.1" 200 19580 "" "Mozilla/5.0 (compatible; Yahoo! Slurp; http://help.yahoo.com/help/us/ysearch/slurp)"
66.249.66.52 - - [26/Sep/2006:06:14:39 +0000] "GET /Champcey/Calendrier--87.html HTTP/1.1" 200 11826 "" "Mozilla/5.0 (compatible; Googlebot/2.1; +http://www.google.com/bot.html)"
66.249.66.52 - - [26/Sep/2006:06:22:15 +0000] "GET /Champcey/Calendrier--87.html HTTP/1.1" 200 15816 "" "Mozilla/5.0 (compatible; Googlebot/2.1; +http://www.google.com/bot.html)"
66.249.66.52 - - [26/Sep/2006:07:11:01 +0000] "GET /Champcey/H_bergement--90.html HTTP/1.1" 200 26520 "" "Mozilla/5.0 (compatible; Googlebot/2.1; +http://www.google.com/bot.html)"
66.249.66.52 - - [26/Sep/2006:08:48:46 +0000] "GET /Champcey/H_bergement--90.html HTTP/1.1" 200 26592 "" "Mozilla/5.0 (compatible; Googlebot/2.1; +http://www.google.com/bot.html)"
66.249.66.52 - - [26/Sep/2006:10:08:15 +0000] "GET /Champcey/Calendrier--87.html HTTP/1.1" 200 16268 "" "Mozilla/5.0 (compatible; Googlebot/2.1; +http://www.google.com/bot.html)"
66.249.66.52 - - [26/Sep/2006:10:15:45 +0000] "GET /Champcey/H_bergement--90.html HTTP/1.1" 200 26880 "" "Mozilla/5.0 (compatible; Googlebot/2.1; +http://www.google.com/bot.html)"
66.249.66.52 - - [26/Sep/2006:10:23:18 +0000] "GET /Champcey/Tourisme--91.html HTTP/1.1" 200 9609 "" "Mozilla/5.0 (compatible; Googlebot/2.1; +http://www.google.com/bot.html)"
66.249.66.52 - - [26/Sep/2006:10:30:49 +0000] "GET /Champcey/D_couvrir--92.html HTTP/1.1" 200 9612 "" "Mozilla/5.0 (compatible; Googlebot/2.1; +http://www.google.com/bot.html)"
66.249.66.52 - - [26/Sep/2006:10:35:24 +0000] "GET /Champcey/H_bergement--90.html HTTP/1.1" 200 26880 "" "Mozilla/5.0 (compatible; Googlebot/2.1; +http://www.google.com/bot.html)"
66.249.66.52 - - [26/Sep/2006:10:53:26 +0000] "GET /Champcey/Loisirs--88.html HTTP/1.1" 200 9606 "" "Mozilla/5.0 (compatible; Googlebot/2.1; +http://www.google.com/bot.html)"
62.23.121.250 - - [26/Sep/2006:14:19:05 +0000] "GET /Champcey--62.html HTTP/1.1" 200 19580 "http://www.portedelabaie.com/" "Mozilla/4.0 (compatible; MSIE 6.0; Windows NT 5.1)"
62.23.121.250 - - [26/Sep/2006:14:19:35 +0000] "GET /Champcey/Vie_Pratique--89.html HTTP/1.1" 200 9621 "http://www.champcey.com/" "Mozilla/4.0 (compatible; MSIE 6.0; Windows NT 5.1)"
66.249.66.52 - - [26/Sep/2006:18:25:30 +0000] "GET /Champcey/Vie_Pratique--89.html HTTP/1.1" 200 9621 "" "Mozilla/5.0 (compatible; Googlebot/2.1; +http://www.google.com/bot.html)"
66.249.66.52 - - [27/Sep/2006:00:11:50 +0000] "GET /Champcey--62.html HTTP/1.1" 200 19580 "" "Mozilla/5.0 (compatible; Googlebot/2.1; +http://www.google.com/bot.html)"
66.249.66.52 - - [27/Sep/2006:00:16:55 +0000] "GET /Champcey/Vie_Pratique--89.html HTTP/1.1" 200 9333 "" "Mozilla/5.0 (compatible; Googlebot/2.1; +http://www.google.com/bot.html)"
66.249.65.84 - - [27/Sep/2006:11:36:06 +0000] "GET /Champcey/H_bergement--90.html HTTP/1.1" 200 26520 "" "Mozilla/5.0 (compatible; Googlebot/2.1; +http://www.google.com/bot.html)"
66.249.65.84 - - [27/Sep/2006:13:17:00 +0000] "GET /Champcey/Actualit_s--177.html HTTP/1.1" 200 10433 "" "Mozilla/5.0 (compatible; Googlebot/2.1; +http://www.google.com/bot.html)"
66.194.6.3 - - [27/Sep/2006:15:48:19 +0000] "GET /Champcey--62.html HTTP/1.1" 200 19580 "" "Mozilla/5.0 (compatible; Konqueror/3.0-rc5; i686 Linux; 20020307)"
66.249.65.84 - - [27/Sep/2006:17:13:39 +0000] "GET /Champcey/Actualit_s--177.html HTTP/1.1" 200 10433 "" "Mozilla/5.0 (compatible; Googlebot/2.1; +http://www.google.com/bot.html)"
66.249.66.199 - - [28/Sep/2006:03:52:48 +0000] "GET /Champcey--62.html HTTP/1.1" 200 19580 "" "Mozilla/5.0 (compatible; Googlebot/2.1; +http://www.google.com/bot.html)"
86.68.148.134 - - [28/Sep/2006:16:12:09 +0000] "GET /Champcey--62.html HTTP/1.1" 200 19580 "http://www.portedelabaie.com/" "Mozilla/5.0 (Macintosh; U; Intel Mac OS X; fr) AppleWebKit/418.8 (KHTML, like Gecko) Safari/419.3"
86.68.148.134 - - [28/Sep/2006:16:12:10 +0000] "GET /Champcey--62.html HTTP/1.1" 200 19580 "" "Mozilla/5.0 (Macintosh; U; Intel Mac OS X; fr) AppleWebKit/418.8 (KHTML, like Gecko) Safari/419.3"
72.30.252.152 - - [28/Sep/2006:16:20:46 +0000] "GET /Champcey--62.html HTTP/1.1" 200 19580 "" "Mozilla/5.0 (compatible; Yahoo! Slurp; http://help.yahoo.com/help/us/ysearch/slurp)"
72.30.132.27 - - [28/Sep/2006:16:20:47 +0000] "GET /Champcey--62.html HTTP/1.1" 200 19580 "" "Mozilla/5.0 (compatible; Yahoo! Slurp; http://help.yahoo.com/help/us/ysearch/slurp)"
66.249.66.199 - - [28/Sep/2006:19:38:52 +0000] "GET /Champcey/H_bergement--90.html HTTP/1.1" 200 26520 "" "Mozilla/5.0 (compatible; Googlebot/2.1; +http://www.google.com/bot.html)"
66.249.66.133 - - [28/Sep/2006:20:34:00 +0000] "GET /Champcey/H_bergement--90.html HTTP/1.1" 200 26520 "" "Mozilla/5.0 (compatible; Googlebot/2.1; +http://www.google.com/bot.html)"
66.249.66.133 - - [28/Sep/2006:21:23:36 +0000] "GET /Champcey/Calendrier--87.html HTTP/1.1" 200 10294 "" "Mozilla/5.0 (compatible; Googlebot/2.1; +http://www.google.com/bot.html)"
66.249.66.133 - - [28/Sep/2006:21:28:34 +0000] "GET /Champcey/Calendrier--87.html HTTP/1.1" 200 10272 "" "Mozilla/5.0 (compatible; Googlebot/2.1; +http://www.google.com/bot.html)"
66.249.66.133 - - [28/Sep/2006:21:33:32 +0000] "GET /Champcey/Calendrier--87.html HTTP/1.1" 200 10263 "" "Mozilla/5.0 (compatible; Googlebot/2.1; +http://www.google.com/bot.html)"
66.249.66.133 - - [28/Sep/2006:21:38:31 +0000] "GET /Champcey/Calendrier--87.html HTTP/1.1" 200 10264 "" "Mozilla/5.0 (compatible; Googlebot/2.1; +http://www.google.com/bot.html)"
66.249.66.133 - - [28/Sep/2006:21:43:29 +0000] "GET /Champcey/Calendrier--87.html HTTP/1.1" 200 11916 "" "Mozilla/5.0 (compatible; Googlebot/2.1; +http://www.google.com/bot.html)"
66.249.66.133 - - [28/Sep/2006:21:48:27 +0000] "GET /Champcey/Calendrier--87.html HTTP/1.1" 200 10312 "" "Mozilla/5.0 (compatible; Googlebot/2.1; +http://www.google.com/bot.html)"
66.249.66.133 - - [28/Sep/2006:21:48:46 +0000] "GET /Champcey/H_bergement--90.html HTTP/1.1" 200 26520 "" "Mozilla/5.0 (compatible; Googlebot/2.1; +http://www.google.com/bot.html)"
66.249.66.133 - - [28/Sep/2006:22:13:18 +0000] "GET /Champcey/H_bergement--90.html HTTP/1.1" 200 24452 "" "Mozilla/5.0 (compatible; Googlebot/2.1; +http://www.google.com/bot.html)"
66.249.65.34 - - [29/Sep/2006:03:51:12 +0000] "GET /Champcey/H_bergement--90.html HTTP/1.1" 200 25494 "" "Mozilla/5.0 (compatible; Googlebot/2.1; +http://www.google.com/bot.html)"
66.249.65.34 - - [29/Sep/2006:03:58:57 +0000] "GET /Champcey--62.html HTTP/1.1" 200 19580 "" "Mozilla/5.0 (compatible; Googlebot/2.1; +http://www.google.com/bot.html)"
66.249.65.34 - - [29/Sep/2006:05:10:40 +0000] "GET /Champcey/Calendrier--87.html HTTP/1.1" 200 10256 "" "Mozilla/5.0 (compatible; Googlebot/2.1; +http://www.google.com/bot.html)"
66.249.65.34 - - [29/Sep/2006:07:01:20 +0000] "GET /Champcey/H_bergement--90.html HTTP/1.1" 200 26520 "" "Mozilla/5.0 (compatible; Googlebot/2.1; +http://www.google.com/bot.html)"
65.116.109.38 - - [29/Sep/2006:17:35:24 +0000] "GET /Champcey--62.html HTTP/1.1" 200 19605 "http://www.google.com/search?hs=gzJ&hl=en&lr=&client=firefox-a&rls=org.mozilla%3Aen-US%3Aofficial_s&q=champcey&btnG=Search" "Mozilla/5.0 (Macintosh; U; PPC Mac OS X Mach-O; en-US; rv:1.8.0.2) Gecko/20060328 Firefox/1.5.0.2"
64.4.8.134 - - [29/Sep/2006:22:46:58 +0000] "GET /Champcey--62.html HTTP/1.1" 200 19605 "" "msnbot/1.0 (+http://search.msn.com/msnbot.htm)"
60.28.17.51 - - [29/Sep/2006:23:07:31 +0000] "GET /Champcey--62.html HTTP/1.1" 200 19590 "" "Baiduspider+(+http://www.baidu.com/search/spider.htm)"
66.249.65.34 - - [30/Sep/2006:01:46:42 +0000] "GET /Champcey--62.html HTTP/1.1" 200 19590 "" "Mozilla/5.0 (compatible; Googlebot/2.1; +http://www.google.com/bot.html)"
207.46.98.56 - - [30/Sep/2006:04:18:40 +0000] "GET /Champcey--62.html HTTP/1.1" 200 19590 "" "msnbot/1.0 (+http://search.msn.com/msnbot.htm)"
207.46.98.56 - - [30/Sep/2006:04:18:41 +0000] "GET /Champcey--62.html HTTP/1.1" 200 19590 "" "msnbot/1.0 (+http://search.msn.com/msnbot.htm)"
207.46.98.56 - - [30/Sep/2006:05:40:11 +0000] "GET /Champcey--62.html HTTP/1.1" 200 19590 "" "msnbot/1.0 (+http://search.msn.com/msnbot.htm)"
207.46.98.56 - - [30/Sep/2006:05:40:12 +0000] "GET /Champcey/D_couvrir--92.html HTTP/1.1" 200 9324 "" "msnbot/1.0 (+http://search.msn.com/msnbot.htm)"
207.46.98.56 - - [30/Sep/2006:05:40:42 +0000] "GET /Champcey/Tourisme--91.html HTTP/1.1" 200 9321 "" "msnbot/1.0 (+http://search.msn.com/msnbot.htm)"
72.30.107.141 - - [30/Sep/2006:05:45:35 +0000] "GET /Champcey/Vie_Pratique--89.html HTTP/1.1" 200 9333 "" "Mozilla/5.0 (compatible; Yahoo! Slurp; http://help.yahoo.com/help/us/ysearch/slurp)"
207.46.98.57 - - [30/Sep/2006:06:22:50 +0000] "GET /Champcey--62.html HTTP/1.1" 200 19590 "" "msnbot/1.0 (+http://search.msn.com/msnbot.htm)"
207.46.98.57 - - [30/Sep/2006:06:22:51 +0000] "GET /Champcey/Actualit_s--177.html HTTP/1.1" 200 10433 "" "msnbot/1.0 (+http://search.msn.com/msnbot.htm)"
207.46.98.57 - - [30/Sep/2006:06:23:00 +0000] "GET /Champcey/H_bergement--90.html HTTP/1.1" 200 26520 "" "msnbot/1.0 (+http://search.msn.com/msnbot.htm)"
207.46.98.55 - - [30/Sep/2006:06:25:35 +0000] "GET /Champcey--62.html HTTP/1.1" 200 19590 "" "msnbot/1.0 (+http://search.msn.com/msnbot.htm)"
207.46.98.55 - - [30/Sep/2006:06:25:37 +0000] "GET /Champcey/Calendrier--87.html HTTP/1.1" 200 15764 "" "msnbot/1.0 (+http://search.msn.com/msnbot.htm)"
72.30.98.21 - - [30/Sep/2006:06:41:59 +0000] "GET /Champcey--62.html HTTP/1.1" 200 19590 "" "Mozilla/5.0 (compatible; Yahoo! Slurp; http://help.yahoo.com/help/us/ysearch/slurp)"
72.30.103.151 - - [30/Sep/2006:06:42:12 +0000] "GET /Champcey/D_couvrir--92.html HTTP/1.1" 200 9324 "" "Mozilla/5.0 (compatible; Yahoo! Slurp; http://help.yahoo.com/help/us/ysearch/slurp)"
207.46.98.55 - - [30/Sep/2006:07:24:56 +0000] "GET /Champcey--62.html HTTP/1.1" 200 19590 "" "msnbot/1.0 (+http://search.msn.com/msnbot.htm)"
207.46.98.57 - - [30/Sep/2006:07:37:11 +0000] "GET /Champcey/Loisirs--88.html HTTP/1.1" 200 9318 "" "msnbot/1.0 (+http://search.msn.com/msnbot.htm)"
207.46.98.57 - - [30/Sep/2006:07:37:12 +0000] "GET /Champcey/Vie_Pratique--89.html HTTP/1.1" 200 9333 "" "msnbot/1.0 (+http://search.msn.com/msnbot.htm)"
66.249.65.34 - - [30/Sep/2006:10:05:43 +0000] "GET /Champcey--62.html HTTP/1.1" 200 19590 "" "Mozilla/5.0 (compatible; Googlebot/2.1; +http://www.google.com/bot.html)"
66.249.65.34 - - [30/Sep/2006:10:05:43 +0000] "GET /Champcey--62.html HTTP/1.1" 200 19590 "" "Mozilla/5.0 (compatible; Googlebot/2.1; +http://www.google.com/bot.html)"
66.249.65.34 - - [30/Sep/2006:10:55:12 +0000] "GET /Champcey--62.html HTTP/1.1" 200 19590 "" "Mozilla/5.0 (compatible; Googlebot/2.1; +http://www.google.com/bot.html)"
207.46.98.57 - - [30/Sep/2006:13:21:51 +0000] "GET /Champcey--62.html HTTP/1.1" 200 19590 "" "msnbot/1.0 (+http://search.msn.com/msnbot.htm)"
207.46.98.56 - - [30/Sep/2006:14:02:42 +0000] "GET /Champcey--62.html HTTP/1.1" 200 19590 "" "msnbot/1.0 (+http://search.msn.com/msnbot.htm)"
207.46.98.56 - - [30/Sep/2006:14:02:42 +0000] "GET /Champcey--62.html HTTP/1.1" 200 19590 "" "msnbot/1.0 (+http://search.msn.com/msnbot.htm)"
207.46.98.56 - - [30/Sep/2006:14:02:43 +0000] "GET /Champcey/Calendrier--87.html HTTP/1.1" 200 10272 "" "msnbot/1.0 (+http://search.msn.com/msnbot.htm)"
207.46.98.56 - - [30/Sep/2006:14:02:43 +0000] "GET /Champcey/Calendrier--87.html HTTP/1.1" 200 15816 "" "msnbot/1.0 (+http://search.msn.com/msnbot.htm)"
207.46.98.56 - - [30/Sep/2006:14:03:42 +0000] "GET /Champcey/Calendrier--87.html HTTP/1.1" 200 10314 "" "msnbot/1.0 (+http://search.msn.com/msnbot.htm)"
81.82.104.170 - - [30/Sep/2006:17:06:54 +0000] "GET /Champcey--62.html HTTP/1.1" 200 19590 "http://www.portedelabaie.com/" "Mozilla/4.0 (compatible; MSIE 6.0; Windows NT 5.1; SV1; FunWebProducts; .NET CLR 1.1.4322; HbTools 4.7.5)"
82.243.104.117 - - [30/Sep/2006:19:02:32 +0000] "GET /Champcey--62.html HTTP/1.1" 200 19590 "http://www.portedelabaie.com/" "Mozilla/5.0 (Windows; U; Windows NT 5.1; fr; rv:1.8.0.7) Gecko/20060909 Firefox/1.5.0.7"
82.243.104.117 - - [30/Sep/2006:19:02:34 +0000] "GET /Champcey--62.html HTTP/1.1" 200 19590 "" "Mozilla/5.0 (Windows; U; Windows NT 5.1; fr; rv:1.8.0.7) Gecko/20060909 Firefox/1.5.0.7"
82.243.104.117 - - [30/Sep/2006:19:02:42 +0000] "GET /Champcey/D_couvrir--92.html HTTP/1.1" 200 9324 "http://www.champcey.com/" "Mozilla/5.0 (Windows; U; Windows NT 5.1; fr; rv:1.8.0.7) Gecko/20060909 Firefox/1.5.0.7"
82.243.104.117 - - [30/Sep/2006:19:02:47 +0000] "GET /Champcey/D_couvrir--92.html HTTP/1.1" 200 9324 "http://www.champcey.com/fr/decouvrir.html" "Mozilla/5.0 (Windows; U; Windows NT 5.1; fr; rv:1.8.0.7) Gecko/20060909 Firefox/1.5.0.7"
82.243.104.117 - - [30/Sep/2006:19:02:50 +0000] "GET /Champcey/Tourisme--91.html HTTP/1.1" 200 9321 "http://www.champcey.com/fr/decouvrir.html" "Mozilla/5.0 (Windows; U; Windows NT 5.1; fr; rv:1.8.0.7) Gecko/20060909 Firefox/1.5.0.7"
82.243.104.117 - - [30/Sep/2006:19:11:40 +0000] "GET /Champcey/D_couvrir--92.html HTTP/1.1" 200 9324 "http://www.champcey.com/fr/tourisme.html" "Mozilla/5.0 (Windows; U; Windows NT 5.1; fr; rv:1.8.0.7) Gecko/20060909 Firefox/1.5.0.7"
82.243.104.117 - - [30/Sep/2006:19:11:43 +0000] "GET /Champcey/D_couvrir--92.html HTTP/1.1" 200 9324 "http://www.champcey.com/fr/decouvrir.html" "Mozilla/5.0 (Windows; U; Windows NT 5.1; fr; rv:1.8.0.7) Gecko/20060909 Firefox/1.5.0.7"
82.243.104.117 - - [30/Sep/2006:19:11:47 +0000] "GET /Champcey/Vie_Pratique--89.html HTTP/1.1" 200 9333 "http://www.champcey.com/fr/decouvrir.html" "Mozilla/5.0 (Windows; U; Windows NT 5.1; fr; rv:1.8.0.7) Gecko/20060909 Firefox/1.5.0.7"
207.46.98.57 - - [30/Sep/2006:19:34:15 +0000] "GET /Champcey--62.html HTTP/1.1" 200 19590 "" "msnbot/1.0 (+http://search.msn.com/msnbot.htm)"
72.30.98.21 - - [30/Sep/2006:21:45:32 +0000] "GET /Champcey--62.html HTTP/1.1" 200 19590 "" "Mozilla/5.0 (compatible; Yahoo! Slurp; http://help.yahoo.com/help/us/ysearch/slurp)"
72.30.132.27 - - [30/Sep/2006:21:45:33 +0000] "GET /Champcey--62.html HTTP/1.1" 200 19590 "" "Mozilla/5.0 (compatible; Yahoo! Slurp; http://help.yahoo.com/help/us/ysearch/slurp)"
64.233.182.136 - - [30/Sep/2006:23:57:13 +0000] "GET /Champcey--62.html HTTP/1.1" 200 19605 "http://translate.google.com/translate?hl=en&sl=fr&u=http://www.portedelabaie.com/fr/communes/champcey.html&sa=X&oi=translate&resnum=1&ct=result&prev=/search%3Fq%3Dchampcey%26hl%3Den%26lr%3D%26safe%3Doff%26sa%3DG" "Mozilla/4.0 (compatible; MSIE 6.0; Windows NT 5.1; SV1; .NET CLR 1.1.4322),gzip(gfe) (via translate.google.com)"
64.233.182.136 - - [01/Oct/2006:00:01:02 +0000] "GET /Champcey/H_bergement--90.html HTTP/1.1" 200 26520 "http://translate.google.com/translate?hl=en&sl=fr&u=http://www.portedelabaie.com/fr/communes/champcey/hebergement.html&sa=X&oi=translate&resnum=7&ct=result&prev=/search%3Fq%3Dchampcey%26start%3D10%26hl%3Den%26lr%3D%26safe%3Doff%26sa%3DN" "Mozilla/4.0 (compatible; MSIE 6.0; Windows NT 5.1; SV1; .NET CLR 1.1.4322),gzip(gfe) (via translate.google.com)"
64.233.182.136 - - [01/Oct/2006:00:02:49 +0000] "GET /Champcey--62.html HTTP/1.1" 200 19605 "http://translate.google.com/translate?hl=en&sl=fr&u=http://www.portedelabaie.com/fr/communes/champcey.html&sa=X&oi=translate&resnum=1&ct=result&prev=/search%3Fq%3Dchampcey%26hl%3Den%26lr%3D%26safe%3Doff%26sa%3DG" "Mozilla/4.0 (compatible; MSIE 6.0; Windows NT 5.1; SV1; .NET CLR 1.1.4322),gzip(gfe) (via translate.google.com)"
207.46.98.57 - - [01/Oct/2006:00:18:51 +0000] "GET /Champcey--62.html HTTP/1.1" 200 19590 "" "msnbot/1.0 (+http://search.msn.com/msnbot.htm)"
216.145.17.190 - - [01/Oct/2006:08:47:41 +0000] "GET /Champcey--62.html HTTP/1.1" 200 19590 "http://www.whois.sc/" "SurveyBot/2.3 (Whois Source)"
216.145.17.190 - - [01/Oct/2006:08:47:42 +0000] "GET /Champcey--62.html HTTP/1.1" 200 19590 "http://www.whois.sc/champcey.com" "SurveyBot/2.3 (Whois Source)"
81.66.50.89 - - [01/Oct/2006:12:01:11 +0000] "GET /Champcey/H_bergement--90.html HTTP/1.1" 200 27978 "" "Mozilla/4.0 (compatible; MSIE 6.0; Windows NT 5.1; SV1)"
66.249.65.6 - - [01/Oct/2006:13:21:24 +0000] "GET /Champcey/Vie_Pratique--89.html HTTP/1.1" 200 9333 "" "Mozilla/5.0 (compatible; Googlebot/2.1; +http://www.google.com/bot.html)"
66.249.65.6 - - [01/Oct/2006:14:16:39 +0000] "GET /Champcey--62.html HTTP/1.1" 200 19590 "" "Mozilla/5.0 (compatible; Googlebot/2.1; +http://www.google.com/bot.html)"
66.249.65.6 - - [01/Oct/2006:14:16:39 +0000] "GET /Champcey/Vie_Pratique--89.html HTTP/1.1" 200 9621 "" "Mozilla/5.0 (compatible; Googlebot/2.1; +http://www.google.com/bot.html)"
66.249.65.6 - - [01/Oct/2006:17:35:33 +0000] "GET /Champcey/H_bergement--90.html HTTP/1.1" 200 27978 "" "Mozilla/5.0 (compatible; Googlebot/2.1; +http://www.google.com/bot.html)"
66.249.65.6 - - [01/Oct/2006:17:52:07 +0000] "GET /Champcey/H_bergement--90.html HTTP/1.1" 200 27978 "" "Mozilla/5.0 (compatible; Googlebot/2.1; +http://www.google.com/bot.html)"
66.249.65.6 - - [01/Oct/2006:17:57:42 +0000] "GET /Champcey/Tourisme--91.html HTTP/1.1" 200 9609 "" "Mozilla/5.0 (compatible; Googlebot/2.1; +http://www.google.com/bot.html)"
66.249.65.6 - - [01/Oct/2006:18:03:11 +0000] "GET /Champcey/Calendrier--87.html HTTP/1.1" 200 16268 "" "Mozilla/5.0 (compatible; Googlebot/2.1; +http://www.google.com/bot.html)"
72.30.98.21 - - [01/Oct/2006:18:03:37 +0000] "GET /Champcey--62.html HTTP/1.1" 200 19590 "" "Mozilla/5.0 (compatible; Yahoo! Slurp; http://help.yahoo.com/help/us/ysearch/slurp)"
72.30.129.12 - - [01/Oct/2006:18:04:06 +0000] "GET /Champcey/Vie_Pratique--89.html HTTP/1.1" 200 9621 "" "Mozilla/5.0 (compatible; Yahoo! Slurp; http://help.yahoo.com/help/us/ysearch/slurp)"
66.249.65.6 - - [01/Oct/2006:18:08:42 +0000] "GET /Champcey/Loisirs--88.html HTTP/1.1" 200 9606 "" "Mozilla/5.0 (compatible; Googlebot/2.1; +http://www.google.com/bot.html)"
66.249.65.6 - - [01/Oct/2006:18:14:15 +0000] "GET /Champcey/D_couvrir--92.html HTTP/1.1" 200 9612 "" "Mozilla/5.0 (compatible; Googlebot/2.1; +http://www.google.com/bot.html)"
66.249.65.6 - - [01/Oct/2006:22:28:24 +0000] "GET /Champcey/Loisirs--88.html HTTP/1.1" 200 9606 "" "Mozilla/5.0 (compatible; Googlebot/2.1; +http://www.google.com/bot.html)"
66.249.65.6 - - [01/Oct/2006:22:39:27 +0000] "GET /Champcey/Calendrier--87.html HTTP/1.1" 200 10540 "" "Mozilla/5.0 (compatible; Googlebot/2.1; +http://www.google.com/bot.html)"
66.249.65.6 - - [01/Oct/2006:23:45:44 +0000] "GET /Champcey/Vie_Pratique--89.html HTTP/1.1" 200 9621 "" "Mozilla/5.0 (compatible; Googlebot/2.1; +http://www.google.com/bot.html)"
66.249.65.6 - - [02/Oct/2006:01:03:05 +0000] "GET /Champcey/Calendrier--87.html HTTP/1.1" 200 15764 "" "Mozilla/5.0 (compatible; Googlebot/2.1; +http://www.google.com/bot.html)"
66.249.65.6 - - [02/Oct/2006:01:14:09 +0000] "GET /Champcey/Calendrier--87.html HTTP/1.1" 200 15764 "" "Mozilla/5.0 (compatible; Googlebot/2.1; +http://www.google.com/bot.html)"
207.46.98.73 - - [02/Oct/2006:01:57:44 +0000] "GET /Champcey--62.html HTTP/1.1" 200 19875 "" "msnbot/1.0 (+http://search.msn.com/msnbot.htm)"
66.249.65.6 - - [02/Oct/2006:02:09:24 +0000] "GET /Champcey/H_bergement--90.html HTTP/1.1" 200 27978 "" "Mozilla/5.0 (compatible; Googlebot/2.1; +http://www.google.com/bot.html)"
66.249.65.6 - - [02/Oct/2006:02:53:37 +0000] "GET /Champcey/H_bergement--90.html HTTP/1.1" 200 27978 "" "Mozilla/5.0 (compatible; Googlebot/2.1; +http://www.google.com/bot.html)"
66.249.65.6 - - [02/Oct/2006:02:59:09 +0000] "GET /Champcey/H_bergement--90.html HTTP/1.1" 200 27978 "" "Mozilla/5.0 (compatible; Googlebot/2.1; +http://www.google.com/bot.html)"
66.249.65.6 - - [02/Oct/2006:03:54:23 +0000] "GET /Champcey/D_couvrir--92.html HTTP/1.1" 200 9612 "" "Mozilla/5.0 (compatible; Googlebot/2.1; +http://www.google.com/bot.html)"
66.249.65.6 - - [02/Oct/2006:04:44:07 +0000] "GET /Champcey/H_bergement--90.html HTTP/1.1" 200 27978 "" "Mozilla/5.0 (compatible; Googlebot/2.1; +http://www.google.com/bot.html)"
66.249.65.6 - - [02/Oct/2006:04:49:29 +0000] "GET /Champcey/H_bergement--90.html HTTP/1.1" 200 27978 "" "Mozilla/5.0 (compatible; Googlebot/2.1; +http://www.google.com/bot.html)"
66.249.65.6 - - [02/Oct/2006:05:00:19 +0000] "GET /Champcey/H_bergement--90.html HTTP/1.1" 200 27978 "" "Mozilla/5.0 (compatible; Googlebot/2.1; +http://www.google.com/bot.html)"
66.249.65.6 - - [02/Oct/2006:05:37:43 +0000] "GET /Champcey/H_bergement--90.html HTTP/1.1" 200 27978 "" "Mozilla/5.0 (compatible; Googlebot/2.1; +http://www.google.com/bot.html)"
66.249.66.205 - - [02/Oct/2006:06:04:32 +0000] "GET /Champcey/H_bergement--90.html HTTP/1.1" 200 27978 "" "Mozilla/5.0 (compatible; Googlebot/2.1; +http://www.google.com/bot.html)"
66.249.66.205 - - [02/Oct/2006:06:25:57 +0000] "GET /Champcey/Vie_Pratique--89.html HTTP/1.1" 200 9333 "" "Mozilla/5.0 (compatible; Googlebot/2.1; +http://www.google.com/bot.html)"
66.249.66.205 - - [02/Oct/2006:06:31:21 +0000] "GET /Champcey/H_bergement--90.html HTTP/1.1" 200 27978 "" "Mozilla/5.0 (compatible; Googlebot/2.1; +http://www.google.com/bot.html)"
66.249.65.231 - - [02/Oct/2006:07:30:24 +0000] "GET /Champcey/Tourisme--91.html HTTP/1.1" 200 9609 "" "Mozilla/5.0 (compatible; Googlebot/2.1; +http://www.google.com/bot.html)"
207.46.98.57 - - [02/Oct/2006:09:40:24 +0000] "GET /Champcey--62.html HTTP/1.1" 200 19590 "" "msnbot/1.0 (+http://search.msn.com/msnbot.htm)"
66.249.65.114 - - [02/Oct/2006:13:10:10 +0000] "GET /Champcey/Actualit_s--177.html HTTP/1.1" 200 10703 "" "Mozilla/5.0 (compatible; Googlebot/2.1; +http://www.google.com/bot.html)"
81.66.50.89 - - [02/Oct/2006:14:07:09 +0000] "GET /Champcey/H_bergement--90.html HTTP/1.1" 200 27978 "" "Mozilla/4.0 (compatible; MSIE 6.0; Windows NT 5.1; SV1)"
66.249.65.114 - - [02/Oct/2006:14:26:41 +0000] "GET /Champcey--62.html HTTP/1.1" 200 19590 "" "Mozilla/5.0 (compatible; Googlebot/2.1; +http://www.google.com/bot.html)"
207.46.98.57 - - [02/Oct/2006:14:52:00 +0000] "GET /Champcey--62.html HTTP/1.1" 200 19590 "" "msnbot/1.0 (+http://search.msn.com/msnbot.htm)"
207.46.98.56 - - [02/Oct/2006:16:26:05 +0000] "GET /Champcey--62.html HTTP/1.1" 200 19590 "" "msnbot/1.0 (+http://search.msn.com/msnbot.htm)"
66.249.65.114 - - [02/Oct/2006:19:00:25 +0000] "GET /Champcey/Actualit_s--177.html HTTP/1.1" 200 10703 "" "Mozilla/5.0 (compatible; Googlebot/2.1; +http://www.google.com/bot.html)"
207.46.98.57 - - [02/Oct/2006:20:11:54 +0000] "GET /Champcey--62.html HTTP/1.1" 200 19590 "" "msnbot/1.0 (+http://search.msn.com/msnbot.htm)"
66.249.65.114 - - [02/Oct/2006:20:40:29 +0000] "GET /Champcey/Calendrier--87.html HTTP/1.1" 200 10599 "" "Mozilla/5.0 (compatible; Googlebot/2.1; +http://www.google.com/bot.html)"
66.249.65.114 - - [02/Oct/2006:23:19:41 +0000] "GET /Champcey/Calendrier--87.html HTTP/1.1" 200 10543 "" "Mozilla/5.0 (compatible; Googlebot/2.1; +http://www.google.com/bot.html)"
66.249.65.114 - - [02/Oct/2006:23:56:04 +0000] "GET /Champcey/Calendrier--87.html HTTP/1.1" 200 10602 "" "Mozilla/5.0 (compatible; Googlebot/2.1; +http://www.google.com/bot.html)"
66.249.65.114 - - [03/Oct/2006:00:00:37 +0000] "GET /Champcey/Actualit_s--177.html HTTP/1.1" 200 10703 "" "Mozilla/5.0 (compatible; Googlebot/2.1; +http://www.google.com/bot.html)"
207.46.98.57 - - [03/Oct/2006:01:19:14 +0000] "GET /Champcey--62.html HTTP/1.1" 200 19590 "" "msnbot/1.0 (+http://search.msn.com/msnbot.htm)"
207.46.98.57 - - [03/Oct/2006:06:16:38 +0000] "GET /Champcey--62.html HTTP/1.1" 200 19590 "" "msnbot/1.0 (+http://search.msn.com/msnbot.htm)"
207.46.98.56 - - [03/Oct/2006:09:37:26 +0000] "GET /Champcey--62.html HTTP/1.1" 200 19590 "" "msnbot/1.0 (+http://search.msn.com/msnbot.htm)"
207.46.98.55 - - [03/Oct/2006:11:19:51 +0000] "GET /Champcey--62.html HTTP/1.1" 200 19590 "" "msnbot/1.0 (+http://search.msn.com/msnbot.htm)"
72.30.98.21 - - [03/Oct/2006:12:17:45 +0000] "GET /Champcey--62.html HTTP/1.1" 200 19590 "" "Mozilla/5.0 (compatible; Yahoo! Slurp; http://help.yahoo.com/help/us/ysearch/slurp)"
74.6.71.72 - - [03/Oct/2006:12:17:46 +0000] "GET /Champcey--62.html HTTP/1.1" 200 19590 "" "Mozilla/5.0 (compatible; Yahoo! Slurp; http://help.yahoo.com/help/us/ysearch/slurp)"
207.46.98.56 - - [03/Oct/2006:14:51:34 +0000] "GET /Champcey--62.html HTTP/1.1" 200 19590 "" "msnbot/1.0 (+http://search.msn.com/msnbot.htm)"
72.30.98.21 - - [03/Oct/2006:16:53:38 +0000] "GET /Champcey--62.html HTTP/1.1" 200 19590 "" "Mozilla/5.0 (compatible; Yahoo! Slurp; http://help.yahoo.com/help/us/ysearch/slurp)"
74.6.71.72 - - [03/Oct/2006:16:53:45 +0000] "GET /Champcey--62.html HTTP/1.1" 200 19590 "" "Mozilla/5.0 (compatible; Yahoo! Slurp; http://help.yahoo.com/help/us/ysearch/slurp)"
60.28.17.34 - - [03/Oct/2006:16:55:25 +0000] "GET /Champcey--62.html HTTP/1.1" 200 19590 "" "Baiduspider+(+http://www.baidu.com/search/spider.htm)"
66.249.66.204 - - [04/Oct/2006:01:59:09 +0000] "GET /Champcey--62.html HTTP/1.1" 200 19590 "" "Mozilla/5.0 (compatible; Googlebot/2.1; +http://www.google.com/bot.html)"
66.249.65.67 - - [04/Oct/2006:02:51:37 +0000] "GET /Champcey/Calendrier--87.html HTTP/1.1" 200 11488 "" "Mozilla/5.0 (compatible; Googlebot/2.1; +http://www.google.com/bot.html)"
66.249.65.67 - - [04/Oct/2006:02:54:53 +0000] "GET /Champcey/Calendrier--87.html HTTP/1.1" 200 10551 "" "Mozilla/5.0 (compatible; Googlebot/2.1; +http://www.google.com/bot.html)"
66.249.65.67 - - [04/Oct/2006:02:58:10 +0000] "GET /Champcey/Calendrier--87.html HTTP/1.1" 200 10600 "" "Mozilla/5.0 (compatible; Googlebot/2.1; +http://www.google.com/bot.html)"
66.249.65.67 - - [04/Oct/2006:03:01:27 +0000] "GET /Champcey/Calendrier--87.html HTTP/1.1" 200 10552 "" "Mozilla/5.0 (compatible; Googlebot/2.1; +http://www.google.com/bot.html)"
66.249.65.67 - - [04/Oct/2006:04:36:32 +0000] "GET /Champcey/Calendrier--87.html HTTP/1.1" 200 10544 "" "Mozilla/5.0 (compatible; Googlebot/2.1; +http://www.google.com/bot.html)"
